 base 10, what is 1 - -938?
939
In base 4, what is -1120212 + -2?
-1120220
In base 14, what is -8b34 + 2?
-8b32
In base 15, what is 7 + -1?
6
In base 2, what is 10 + -10010100011?
-10010100001
In base 11, what is 3 - 9?
-6
In base 3, what is 120 - -120?
1010
In base 7, what is 14355 - 4?
14351
In base 16, what is -f6 - -2?
-f4
In base 16, what is -2 + -65?
-67
In base 4, what is -10 - 320?
-330
In base 3, what is 12 - -2012201?
2012220
In base 7, what is -54436 + 4?
-54432
In base 13, what is 10 - -c?
1c
In base 5, what is -1 + 40?
34
In base 12, what is 1 - -102?
103
In base 13, what is -4 + -97?
-9b
In base 9, what is -1 - 84?
-85
In base 4, what is 31 + 1121?
1212
In base 16, what is 1b9 - 6?
1b3
In base 5, what is 34421 - 0?
34421
In base 16, what is b - 2?
9
In base 9, what is 1 - 62?
-61
In base 15, what is -43 - 50?
-93
In base 13, what is 5 - 7?
-2
In base 10, what is 6 + -23?
-17
In base 16, what is -1 + 1b4?
1b3
In base 14, what is -5 - -22?
1b
In base 11, what is -24 + 2?
-22
In base 13, what is 49 + -86?
-3a
In base 6, what is 205 - -210?
415
In base 7, what is 24001 + 0?
24001
In base 4, what is 1 + -23?
-22
In base 16, what is 41d - -6?
423
In base 6, what is -22 + 114?
52
In base 3, what is 22122 - 10?
22112
In base 9, what is 377 - 5?
372
In base 16, what is 5 + -587?
-582
In base 8, what is 123 - 0?
123
In base 3, what is 1000220 + -1?
1000212
In base 9, what is 15 - 8?
6
In base 4, what is -2103 - 2?
-2111
In base 8, what is 2621 + 0?
2621
In base 5, what is 14 + 132?
201
In base 14, what is 615 - -9?
620
In base 5, what is 141 - -41?
232
In base 15, what is 9 - -581?
58a
In base 4, what is 132010 + -10?
132000
In base 6, what is -3 - 105?
-112
In base 6, what is 2404 - -3?
2411
In base 12, what is 11 + 31?
42
In base 10, what is -2 + -256?
-258
In base 10, what is 3 - 656?
-653
In base 2, what is 1000 - 110101?
-101101
In base 9, what is -538 + 4?
-534
In base 5, what is -1443 + -10?
-2003
In base 16, what is 31 + -12?
1f
In base 7, what is 10460 - 4?
10453
In base 5, what is -22303 + -2?
-22310
In base 12, what is -3 - -80?
79
In base 8, what is 5 + -1334?
-1327
In base 12, what is -16214 - 3?
-16217
In base 16, what is -e - -a?
-4
In base 10, what is -276 - 55?
-331
In base 11, what is -7 - -4?
-3
In base 10, what is 16 + 809?
825
In base 2, what is -10001 - 11010000?
-11100001
In base 4, what is 112 + -302?
-130
In base 16, what is -270 + -6?
-276
In base 3, what is 2000 - 2?
1221
In base 3, what is 10 - -2200012?
2200022
In base 3, what is -202201 - 1?
-202202
In base 15, what is -48 - -1?
-47
In base 8, what is -3 + -100?
-103
In base 14, what is -4 + 39?
35
In base 3, what is 11 + -1110?
-1022
In base 12, what is 1 - -458?
459
In base 16, what is -7fd + 2?
-7fb
In base 9, what is 88 - -4?
103
In base 10, what is 65 - -3?
68
In base 2, what is -1 - -111000?
110111
In base 2, what is 1 - -11011?
11100
In base 3, what is 101200 + 12?
101212
In base 11, what is -1a + -120?
-13a
In base 12, what is -b67 - 3?
-b6a
In base 16, what is -1 + -20?
-21
In base 5, what is -34 - 4322?
-4411
In base 3, what is 0 + 2102220?
2102220
In base 8, what is 1 - 204?
-203
In base 16, what is -2 + 284?
282
In base 13, what is -3 - b2?
-b5
In base 15, what is 0 - 99?
-99
In base 3, what is 1 - 112020?
-112012
In base 10, what is 2 + 174?
176
In base 13, what is 56 + -11?
45
In base 9, what is 706 - 1?
705
In base 2, what is 100010 + 100?
100110
In base 6, what is -152 + 250?
54
In base 16, what is -d - -6?
-7
In base 10, what is 754 + -5?
749
In base 12, what is 0 + -17?
-17
In base 5, what is -32041 + -11?
-32102
In base 4, what is 10 + 102?
112
In base 8, what is 127 - 64?
43
In base 7, what is -1 + -215?
-216
In base 6, what is 43 - 2?
41
In base 14, what is -2c - 5?
-33
In base 16, what is -e + c6?
b8
In base 3, what is -11000 + 12012?
1012
In base 8, what is 2012 + 4?
2016
In base 16, what is 24d4 + -2?
24d2
In base 8, what is 14 - 61?
-45
In base 11, what is 2 + -3?
-1
In base 9, what is 2 + -6125?
-6123
In base 9, what is 0 - 783?
-783
In base 16, what is -64 + b?
-59
In base 15, what is -1a + -114?
-12e
In base 11, what is 171 + 1?
172
In base 3, what is 200 + 0?
200
In base 8, what is 2 + 53?
55
In base 5, what is 22 + 1?
23
In base 3, what is -21 - -22020?
21222
In base 4, what is 11 + 10220?
10231
In base 6, what is 4 - -42?
50
In base 6, what is -55 + 303?
204
In base 5, what is 0 + 102?
102
In base 10, what is -5 - 58?
-63
In base 8, what is -123 - 6?
-131
In base 16, what is e26 + 5?
e2b
In base 4, what is 10332 + 2?
11000
In base 10, what is 0 - 287?
-287
In base 13, what is -2 + -9b?
-a0
In base 10, what is 6 - -93?
99
In base 8, what is 4 + 33?
37
In base 2, what is 10 + -100001?
-11111
In base 4, what is 223011 - 0?
223011
In base 6, what is 0 - 2343?
-2343
In base 14, what is 8 + 32?
3a
In base 5, what is -3 - 1114?
-1122
In base 16, what is 3d + -9?
34
In base 9, what is -4 + 2051?
2046
In base 4, what is -11 - 312?
-323
In base 15, what is 21a8 + -4?
21a4
In base 2, what is 1010111000110 + -11?
1010111000011
In base 6, what is 122053 + 1?
122054
In base 8, what is -64 + -3?
-67
In base 9, what is 652 - -5?
657
In base 7, what is -52 - -336?
254
In base 6, what is 2 + 25?
31
In base 9, what is 156 - 15?
141
In base 4, what is -2100 + -10?
-2110
In base 16, what is 147 + -2?
145
In base 6, what is -5 + 10222?
10213
In base 3, what is -221122022 + -1?
-221122100
In base 3, what is 201112 + -2?
201110
In base 2, what is 101 - -101100011?
101101000
In base 5, what is 1 - -120?
121
In base 13, what is -112 + 1?
-111
In base 15, what is -65 - 7?
-6c
In base 2, what is -1001 + -11110001?
-11111010
In base 8, what is -141 + -2?
-143
In base 2, what is -10100010 + 1100?
-10010110
In base 5, what is -341 - 224?
-1120
In base 2, what is 1101111 - 0?
1101111
In base 7, what is -31 - -12?
-16
In base 9, what is 14805 - -2?
14807
In base 3, what is 12 - 2021?
-2002
In base 14, what is -12da - -1?
-12d9
In base 9, what is -185 + 10?
-175
In base 3, what is -1021102 + 12?
-1021020
In base 3, what is -1002 - 1121?
-2200
In base 16, what is bfa - 1?
bf9
In base 7, what is 1 - -3102?
3103
In base 5, what is -1003 - 0?
-1003
In base 5, what is -2233 + -112?
-2400
In base 11, what is -5 + -37?
-41
In base 10, what is 921 - 1?
920
In base 6, what is 3143 - -14?
3201
In base 7, what is -415 + 131?
-254
In base 2, what is 11110 + 1000111000?
1001010110
In base 15, what is 2 + -83?
-81
In base 11, what is 3 - -8a?
92
In base 12, what is 5 - -138?
141
In base 9, what is -4 - -5708?
5704
In base 10, what is -1 + -83?
-84
In base 14, what is 84d - 0?
84d
In base 8, what is 2 + 52?
54
In base 3, what is 10 + 201012?
201022
In base 7, what is 55 - -4?
62
In base 9, what is -2 - 20?
-22
In base 10, what is 1 + 159?
160
In base 9, what is -188 - -3?
-185
In base 13, what is -10 - -2b?
1b
In base 7, what is 3 + -21?
-15
In base 10, what is 956 + -1?
955
In base 7, what is -113 + -3?
-116
In base 12, what is -22a0 + -2?
-22a2
In base 3, what is 1020122 - 11?
1020111
In base 2, what is 100100 + 110?
101010
In base 15, what is 4aa + 1?
4ab
In base 4, what is 12 + 1113?
1131
In base 4, what is -1 + 3112?
3111
In base 7, what is 224033 + -5?
224025
In base 2, what is -111010011101 - -100?
-111010011001
In base 8, what is -247 - 12?
-261
In base 6, what is 30535 - 5?
30530
In base 13, what is -88 + -37?
-c2
In base 3, what is 0 + -22112200?
-22112200
In base 5, what is 3 - -11411?
11414
In base 15, what is -49 - -3?
-46
In base 7, what is -21551 + -5?
-21556
In base 13, what is 39 + 2?
3b
In base 6, what is 0 + 1213?
1213
In base 14, what is 2 - -696?
698
In base 15, what is -11 + -1b?
-2c
In base 11, what is 1 - 6?
-5
In base 8, what is 161 - -30?
211
In base 12, what is -5 + 44?
3b
In base 7, what is 1 - -60?
61
In base 13, what is -4 - -1689?
1685
In base 7, what is 3 - 1140?
-1134
In base 9, what is 620 + -1?
618
In base 4, what is -203300 + -32?
-203332
In base 13, what is 1 + a4?
a5
In base 11, what is -a5 + -4?
-a9
In base 2, what is -100011011001 - 11?
-100011011100
In base 12, what is -4 + 7?
3
In base 2, what is -11 - 1110?
-10001
In base 4, what is 32 + -2?
30
In base 14, what is cb - 8b?
40
In base 15, what is -250 - 9?
-259
In base 13, what is 